ppose -4*y - 24 - 12 = 0. List the prime factors of r(y).
5
Let v(m) = 426*m - 291. List the prime factors of v(4).
3, 157
Suppose 4*p = -19 - 5. Let d = p + 7. List the prime factors of ((-28)/d)/(4 + -5).
2, 7
Let t(g) = g - 14. Let o be t(4). Let a = 30 - o. What are the prime factors of a?
2, 5
Let c(k) = -8*k - 13. Let d(i) = i**3 - 5*i**2 + 4*i - 8. Let r be d(4). What are the prime factors of c(r)?
3, 17
Suppose 98 = 5*y - 3*g - 0*g, 4*y - 76 = 3*g. Let o(b) = -8*b. Let x be o(2). Let n = x + y. List the prime factors of n.
2, 3
Let d(j) = -4*j**2 - 3 + j**3 + 3*j**2 + 9*j - 6*j**2 - 2*j**2. List the prime factors of d(8).
5
Suppose -4*v + 2*v - 2 = 0. What are the prime factors of ((-469)/(-14))/(v/(-2))?
67
Suppose 20*l - 1644 = 16*l. What are the prime factors of l?
3, 137
Suppose 4*f - 323 = -3*q - 10, 4*q = 3*f - 216. Suppose f = y - 32. List the prime factors of y.
2, 3
Suppose -n + 0*n + 1014 = 0. What are the prime factors of n?
2, 3, 13
Let r = -494 + 305. Let v = r + 274. Suppose 5*a - v = -3*s, 2*a - 2*s + 1 = 19. List the prime factors of a.
2, 7
What are the prime factors of 178863/63 + 24/(-252)?
17, 167
Let a be 35 - (-9)/(27/12). Let n = a - 5. What are the prime factors of n?
2, 17
Suppose 4*a - 4 = 2*a. Suppose 0 = 4*w - a*x - 42, -2*x - 9 = -7*w + 6*w. What are the prime factors of w?
11
Suppose 0 = 2*c + 5*a + 145 - 832, 0 = 2*a - 2. List the prime factors of c.
11, 31
Let d be (-4)/5*15/(-9)*117. Let h = -107 + d. What are the prime factors of h?
7
Let f = -36 + 90. What are the prime factors of f?
2, 3
Let q = 195 - 203. Let i(b) = 2*b + 2. Let w(l) = 5*l + 6. Let y(a) = -11*i(a) + 4*w(a). What are the prime factors of y(q)?
2, 3
Suppose 2*n - 130 = -2*w + 42, 2*n - 174 = -w. Let s(b) = -b - 6. Let j be s(-8). Suppose -j*d + 0*d = 3*y - n, 2*y = -d + 58. List the prime factors of y.
2, 7
Suppose 2*a - 122 = -2*q, 5*a + q - 3*q = 284. Let g = 100 - a. What are the prime factors of g?
2, 3, 7
Let j(c) = 111*c - 64. What are the prime factors of j(10)?
2, 523
Let q(z) = -z**3 + 10*z**2 + 14*z + 1. Let i be q(12). Let u = -9 - i. What are the prime factors of u?
2, 5, 11
Let x = -815 + 1207. What are the prime factors of x?
2, 7
Let c(n) = 2*n - 2. Let t be c(1). Let f be t + -5 - -1 - -4. Suppose 2*o - 3*o + 41 = f. What are the prime factors of o?
41
Suppose 5*g = j - 2390, -55*j = -52*j + 2*g - 7085. What are the prime factors of j?
5, 11, 43
Let w = -6 - -10. Suppose -w*x - 60 = -9*x. What are the prime factors of 4/x*0 - -18?
2, 3
Let c be (-14 - 2)/(-4) - (-395)/5. Suppose -5*y + c = -852. List the prime factors of y.
11, 17
Let z = -120 + 847. What are the prime factors of z?
727
What are the prime factors of ((-840)/(-45))/(2/174)?
2, 7, 29
Let o = -25 - -21. What are the prime factors of ((-134)/o)/(11/22)?
67
Let d = 2713 + -56. What are the prime factors of d?
2657
Let a(f) = f**2 + 2*f - 2. Let g be a(3). Let c = -8 + g. What are the prime factors of c?
5
List the prime factors of 59886/(-30)*(-30)/18.
3, 1109
Let t be (12/4)/3*-143. Let m = t + 286. List the prime factors of m.
11, 13
Let f(b) = b**3 + 5*b**2 - 7*b - 3. Let z be 6*(-2)/(-6)*-3. Let m be f(z). Suppose -4*r + 47 = -o, 0 = -5*r - o + m*o + 58. What are the prime factors of r?
2, 3
Suppose 116700 = 73*s - 98212. List the prime factors of s.
2, 23
Let k be (-22)/(-3)*(2 + 7). Suppose 45 = 3*l - k. List the prime factors of l.
37
Let v(z) = 2*z + 20. Let b be v(-12). Let t(a) = 5*a**2 - 5*a + 9. Let r(l) = -l**2 + l - 1. Let p(k) = -6*r(k) - t(k). What are the prime factors of p(b)?
17
Let o = 275 - -53. Let m = o - 129. List the prime factors of m.
199
Let c(f) = -2*f**3 - 2*f**2 + 3*f - 4. Suppose w + 2 = 3*s + 28, -4*w - 3*s + 29 = 0. Let u = -14 + w. What are the prime factors of c(u)?
23
Suppose 5 = -3*p + 17. Suppose -4*j - 4 = -2*w, -p*w + 4*j = 2*j - 14. Suppose -5*o - 193 = -w*c, 0*c - 2*o = -2*c + 96. What are the prime factors of c?
47
List the prime factors of 44/(-286) + -1 + (-2563)/(-13).
2, 7
Let f(j) = -j**2 - 11*j - 22. Let k be f(-3). What are the prime factors of (15 - 10/k)/((-2)/(-2))?
2, 5
Suppose 22 = -o - 0*o. Let k = -39 - o. Let y = 28 + k. What are the prime factors of y?
11
Let j = 160 - 395. Let z = -140 - j. List the prime factors of z.
5, 19
Let w = 1889 - 785. What are the prime factors of w?
2, 3, 23
Let u = 698 - -168. What are the prime factors of u?
2, 433
Suppose 4*b + 220 = 4*u, 0 = 5*b - u + 4*u + 235. Let w be b/(-15)*-9*1. Let i = w + 49. List the prime factors of i.
19
Suppose m + 174 = 4*m. List the prime factors of (1 - -2) + -5 + m.
2, 7
Let m be -3*(260/(-12) - -1). Let a = -26 + m. List the prime factors of a.
2, 3
What are the prime factors of 1602/36*(-1 - -5)?
2, 89
Let n(q) = -7. Let y(h) = h - 7. Let i(a) = 3*n(a) - 2*y(a). Let o be i(-8). Let d(w) = 7*w + 6. List the prime factors of d(o).
3, 23
Suppose 10 = 5*a, 19 = 5*u + 5*a - 1. Suppose u*k + 0*k + 96 = 0. What are the prime factors of (-2)/16 - 1734/k?
2, 3
Suppose -5*d + 440 = y, -596 = -y + 4*d - 165. What are the prime factors of y?
3, 5, 29
Let h be (532 + -1)/3*6/18. Suppose 5*j = 76 + h. List the prime factors of j.
3
List the prime factors of (0 + 2/(-4))/(45/(-481680)).
2, 3, 223
Let m = 463 + -240. Suppose -4*v - 183 = 3*a, 0*a - m = 5*v - 2*a. Let i = v - -69. List the prime factors of i.
2, 3
Let x = 1434 - 874. List the prime factors of x.
2, 5, 7
Let t be (36/30)/3 - 3176/(-10). Suppose -4*n + 954 = -t. What are the prime factors of n?
2, 3, 53
Let c(a) = -a - 11. Let q be c(-13). Suppose 0 = g - q*g. Suppose g = -4*l + 172 - 4. List the prime factors of l.
2, 3, 7
Let w be 3/(-1) + 2 + 36. Suppose 0 = -3*t + 22 + w. List the prime factors of t.
19
Let f be 11 - 0 - (7 - 10). Let i = -31 - f. Let h = i + 93. What are the prime factors of h?
2, 3
Let b be 136/24 + (-8)/(-6). Suppose -b*t + 11*t - 8 = 0. Suppose t*q + 49 = 3*q. What are the prime factors of q?
7
Let h(c) = c**3 + 5*c**2 - 14*c + 8. Let d be h(-7). Let p(j) = j + 37. What are the prime factors of p(d)?
3, 5
List the prime factors of ((-29510)/(-39))/((-20)/(-72)).
2, 3, 227
Suppose -2346*q + 7195 = -2341*q. What are the prime factors of q?
1439
Suppose 0 = -5*w + 3 + 2. Let q = w + 32. List the prime factors of q.
3, 11
Suppose 0 = -6*d + d + 30. Suppose -d*f + 5*f = o - 200, -3*f - 1000 = -5*o. What are the prime factors of o?
2, 5
Let d be (-2)/((-4)/(-170)) + 10/(-5). Let q = -39 - d. List the prime factors of q.
2, 3
Let v(n) = -2*n**3 + 29*n**2 - 15*n + 13. Let m be v(14). List the prime factors of 1 - ((-548)/4 + m).
139
Let q(a) = -2*a**3 + 39*a**2 - 17*a - 11. What are the prime factors of q(18)?
5, 131
Suppose 0*f + 64 = 4*q + 4*f, -3*q + 52 = 4*f. Let u be ((-6)/(-4))/(q/3232). List the prime factors of u/44 - 4/22.
3
Let j(a) = -19*a + 109. What are the prime factors of j(0)?
109
Suppose -2*i + 47 = 3*r - 61, i = 3*r + 72. Suppose 0*d + d = i. List the prime factors of d.
2, 3, 5
Let m(v) = v**3 - 9*v**2 + 13*v + 10. Let q be m(7). Suppose 2*j + 249 = q*j. What are the prime factors of j?
3, 83
Let s = -94 + 135. Suppose -j + 0*j - s = 0. Let t = -20 - j. What are the prime factors of t?
3, 7
Suppose -4*l + 2*s = -4, 2*l = 6*l - s. Let w = 3 + l. Suppose 0 = 2*v + w*f - 6*f - 120, 0 = -2*v + 5*f + 125. What are the prime factors of v?
2, 5
Let f(s) be the third derivative of 4*s**2 + 0 + 0*s - 1/8*s**4 + 0*s**3. List the prime factors of f(-6).
2, 3
Suppose -k + 2*j = -7, -4*k - 4*j + 3 = -13. Suppose -k*g + 3 + 2 = 5*t, 5*g - 5 = -t. Suppose t*v = -v + 8. List the prime factors of v.
2
Let o(b) = -1968*b + 80. List the prime factors of o(-2).
2, 251
Suppose -4*v - 4*r = -2936, 2*v - r - 1481 - 2 = 0. List the prime factors of v.
739
Let n be (-5744)/(-18) - 38/342. Suppose o - n = 2*y, 3*y - 7*y + 295 = o. What are the prime factors of o?
311
Let n(m) = m**3 + 2*m**2 + 4*m + 3. Let b be n(-2). Let v(d) = 0*d - 5*d**2 + 1 - d**3 - 2 - 6*d. List the prime factors of v(b).
29
Let a be -1 - (-1924)/(-16) - (-1)/4. Let u = 122 - a. What are the prime factors of u?
3
Let l(j) = 12*j + 7. Let s(o) = 8*o + 5. Let h(a) = 5*l(a) - 8*s(a). What are the prime factors of h(-4)?
11
Let d(t) = 11*t**2 - 17*t + 43. What are the prime factors of d(9)?
11, 71
Su